{"id":356,"date":"2025-02-09T19:26:31","date_gmt":"2025-02-09T18:26:31","guid":{"rendered":"https:\/\/cafetiko.dunakanyaresztetika.hu\/?page_id=356"},"modified":"2025-02-09T19:28:24","modified_gmt":"2025-02-09T18:28:24","slug":"szallitasi-feltetelek","status":"publish","type":"page","link":"https:\/\/cafetiko.com\/index.php\/hu\/szallitasi-feltetelek\/","title":{"rendered":"Sz\u00e1ll\u00edt\u00e1si felt\u00e9telek"},"content":{"rendered":"\t\t<div data-elementor-type=\"wp-page\" data-elementor-id=\"356\" class=\"elementor elementor-356\" data-elementor-post-type=\"page\">\n\t\t\t\t\t\t<section class=\"elementor-section elementor-top-section elementor-element elementor-element-959260f elementor-section-boxed elementor-section-height-default elementor-section-height-default\" data-id=\"959260f\" data-element_type=\"section\" data-e-type=\"section\" data-settings=\"{&quot;jet_parallax_layout_list&quot;:[]}\">\n\t\t\t\t\t\t<div class=\"elementor-container elementor-column-gap-default\">\n\t\t\t\t\t<div class=\"elementor-column elementor-col-100 elementor-top-column elementor-element elementor-element-6b42b7f\" data-id=\"6b42b7f\" data-element_type=\"column\" data-e-type=\"column\">\n\t\t\t<div class=\"elementor-widget-wrap elementor-element-populated\">\n\t\t\t\t\t\t<div class=\"elementor-element elementor-element-1038554 elementor-widget elementor-widget-heading\" data-id=\"1038554\" data-element_type=\"widget\" data-e-type=\"widget\" data-widget_type=\"heading.default\">\n\t\t\t\t<div class=\"elementor-widget-container\">\n\t\t\t\t\t<h1 class=\"elementor-heading-title elementor-size-default\">Sz\u00e1ll\u00edt\u00e1si felt\u00e9telek<\/h1>\t\t\t\t<\/div>\n\t\t\t\t<\/div>\n\t\t\t\t<div class=\"elementor-element elementor-element-65f6621 elementor-widget elementor-widget-text-editor\" data-id=\"65f6621\" data-element_type=\"widget\" data-e-type=\"widget\" data-widget_type=\"text-editor.default\">\n\t\t\t\t<div class=\"elementor-widget-container\">\n\t\t\t\t\t\t\t\t\t<p><span style=\"font-size: 12.0pt; line-height: 107%; mso-ascii-font-family: Calibri; mso-hansi-font-family: Calibri; mso-bidi-font-family: Calibri; color: #4f5155; mso-ansi-language: HU;\">A csomagok k\u00e9zbes\u00edt\u00e9se munkanapokon t\u00f6rt\u00e9nik FoxPost fut\u00e1rszolg\u00e1lattal vagy MPL fut\u00e1rszolg\u00e1lattal. (h\u00e9tv\u00e9g\u00e9n \u00e9s munkasz\u00fcneti napokon nincs kisz\u00e1ll\u00edt\u00e1s).<\/span><\/p><p><span style=\"font-size: 12.0pt; line-height: 107%; mso-ascii-font-family: Calibri; mso-hansi-font-family: Calibri; mso-bidi-font-family: Calibri; color: #4f5155; mso-ansi-language: HU;\">Amennyiben ebben id\u0151szakban nem tart\u00f3zkodsz otthon, sz\u00e1ll\u00edt\u00e1si c\u00edmk\u00e9nt c\u00e9lszer\u0171 (amennyiben van r\u00e1 lehet\u0151s\u00e9ge) munkahelyi c\u00edmet megadni.<\/span><\/p><p><span style=\"font-size: 12.0pt; line-height: 107%; mso-ascii-font-family: Calibri; mso-hansi-font-family: Calibri; mso-bidi-font-family: Calibri; color: #4f5155; mso-ansi-language: HU;\">Amennyiben az el\u0151bbi opci\u00f3k nem el\u00e9g rugalmasak sz\u00e1modra, lehet\u0151s\u00e9ged van a rendel\u00e9sed FoxPost csomagautomat\u00e1ba k\u00e9rni, melyek k\u00f6z\u00fcl a legt\u00f6bb a nap 24 \u00f3r\u00e1j\u00e1ban el\u00e9rhet\u0151.<\/span><\/p><p><span style=\"font-size: 12.0pt; line-height: 107%; mso-ascii-font-family: Calibri; mso-hansi-font-family: Calibri; mso-bidi-font-family: Calibri; color: #4f5155; mso-ansi-language: HU;\">Ha miattad hi\u00fasul meg a csomag \u00e1tv\u00e9tele \u2013 pl. hib\u00e1s post\u00e1z\u00e1si c\u00edm megad\u00e1sa, pl. k\u00e9tszeri k\u00e9zbes\u00edt\u00e9si pr\u00f3b\u00e1lkoz\u00e1s ut\u00e1n sem veszed \u00e1t a csomagot, pl. nem \u00e9rtes\u00edtesz benn\u00fcnket a sz\u00e1ll\u00edt\u00e1st\u00f3l (nem megrendel\u00e9st\u0151l!) val\u00f3 el\u00e1ll\u00e1st\u00f3l -, \u00edgy ebben az esetben is t\u00e9ged terhel a sz\u00e1ll\u00edt\u00e1si d\u00edj.<\/span><\/p><p><span style=\"font-size: 12.0pt; line-height: 107%; mso-ascii-font-family: Calibri; mso-hansi-font-family: Calibri; mso-bidi-font-family: Calibri; color: #4f5155; mso-ansi-language: HU;\">Ha a szem\u00e9lyes \u00e1tv\u00e9telt r\u00e9szes\u00edted el\u0151nyben, telefonon el\u0151re egyeztetett id\u0151pontban tudod \u00e1tvenni a rendel\u00e9sed:<br \/>1. V\u00e1c, Zr\u00ednyi Mikl\u00f3s u. 33. (+36304250738)<br \/>2. Budapest, F\u00e1y u. 15. (+36309289765).<br \/>Felh\u00edvn\u00e1nk a figyelmedet, hogy sem k\u00e9szp\u00e9nzzel, sem k\u00e1rty\u00e1val, sem b\u00e1rmi egy\u00e9b m\u00f3don nem tudod a rendel\u00e9sedet a szem\u00e9lyes \u00e1tv\u00e9tel sor\u00e1n kifizetni, azt mindenf\u00e9lek\u00e9ppen el\u0151re kell megtenned.<\/span><\/p><p><span style=\"font-size: 12.0pt; line-height: 107%; mso-ascii-font-family: Calibri; mso-hansi-font-family: Calibri; mso-bidi-font-family: Calibri; color: #4f5155; mso-ansi-language: HU;\">A sz\u00e1ll\u00edt\u00e1si d\u00edj a megrendel\u00e9si folyamat sor\u00e1n automatikusan ker\u00fcl kisz\u00e1m\u00edt\u00e1sra, a megrendel\u00e9s \u00f6sszeg\u00e9t\u0151l \u00e9s a kiv\u00e1lasztott sz\u00e1ll\u00edt\u00e1si opci\u00f3t\u00f3l f\u00fcgg\u0151en.<\/span><\/p>\t\t\t\t\t\t\t\t<\/div>\n\t\t\t\t<\/div>\n\t\t\t\t\t<\/div>\n\t\t<\/div>\n\t\t\t\t\t<\/div>\n\t\t<\/section>\n\t\t\t\t<\/div>\n\t\t","protected":false},"excerpt":{"rendered":"<p>Sz\u00e1ll\u00edt\u00e1si felt\u00e9telek A csomagok k\u00e9zbes\u00edt\u00e9se munkanapokon t\u00f6rt\u00e9nik FoxPost fut\u00e1rszolg\u00e1lattal vagy MPL fut\u00e1rszolg\u00e1lattal. (h\u00e9tv\u00e9g\u00e9n \u00e9s munkasz\u00fcneti napokon nincs kisz\u00e1ll\u00edt\u00e1s). Amennyiben ebben id\u0151szakban nem tart\u00f3zkodsz otthon, sz\u00e1ll\u00edt\u00e1si c\u00edmk\u00e9nt c\u00e9lszer\u0171 (amennyiben van r\u00e1 lehet\u0151s\u00e9ge) munkahelyi c\u00edmet megadni. Amennyiben az el\u0151bbi opci\u00f3k nem el\u00e9g rugalmasak sz\u00e1modra, lehet\u0151s\u00e9ged van a rendel\u00e9sed FoxPost csomagautomat\u00e1ba k\u00e9rni, melyek k\u00f6z\u00fcl a legt\u00f6bb a nap [&hellip;]<\/p>\n","protected":false},"author":1,"featured_media":0,"parent":0,"menu_order":0,"comment_status":"closed","ping_status":"closed","template":"","meta":{"_seopress_robots_primary_cat":"","_seopress_titles_title":"Caf\u00e9 Tiko | Sz\u00e1ll\u00edt\u00e1si felt\u00e9telek","_seopress_titles_desc":"Itt tal\u00e1lod az inform\u00e1ci\u00f3t a sz\u00e1ll\u00edt\u00e1si felt\u00e9telek r\u00e9szleteivel.","_seopress_robots_index":"","footnotes":""},"class_list":["post-356","page","type-page","status-publish","hentry"],"lang":"hu","translations":{"hu":356,"en":365},"jetpack_sharing_enabled":true,"pll_sync_post":[],"_links":{"self":[{"href":"https:\/\/cafetiko.com\/index.php\/wp-json\/wp\/v2\/pages\/356","targetHints":{"allow":["GET"]}}],"collection":[{"href":"https:\/\/cafetiko.com\/index.php\/wp-json\/wp\/v2\/pages"}],"about":[{"href":"https:\/\/cafetiko.com\/index.php\/wp-json\/wp\/v2\/types\/page"}],"author":[{"embeddable":true,"href":"https:\/\/cafetiko.com\/index.php\/wp-json\/wp\/v2\/users\/1"}],"replies":[{"embeddable":true,"href":"https:\/\/cafetiko.com\/index.php\/wp-json\/wp\/v2\/comments?post=356"}],"version-history":[{"count":5,"href":"https:\/\/cafetiko.com\/index.php\/wp-json\/wp\/v2\/pages\/356\/revisions"}],"predecessor-version":[{"id":364,"href":"https:\/\/cafetiko.com\/index.php\/wp-json\/wp\/v2\/pages\/356\/revisions\/364"}],"wp:attachment":[{"href":"https:\/\/cafetiko.com\/index.php\/wp-json\/wp\/v2\/media?parent=356"}],"curies":[{"name":"wp","href":"https:\/\/api.w.org\/{rel}","templated":true}]}}

Szállítási feltételek

<div data-elementor-type="wp-page" data-elementor-id="356" class="elementor elementor-356" data-elementor-post-type="page">
						<section class="elementor-section elementor-top-section elementor-element elementor-element-959260f elementor-section-boxed elementor-section-height-default elementor-section-height-default" data-id="959260f" data-element_type="section" data-e-type="section" data-settings="{&quot;jet_parallax_layout_list&quot;:[]}">
						<div class="elementor-container elementor-column-gap-default">
					<div class="elementor-column elementor-col-100 elementor-top-column elementor-element elementor-element-6b42b7f" data-id="6b42b7f" data-element_type="column" data-e-type="column">
			<div class="elementor-widget-wrap elementor-element-populated">
						<div class="elementor-element elementor-element-1038554 elementor-widget elementor-widget-heading" data-id="1038554" data-element_type="widget" data-e-type="widget" data-widget_type="heading.default">
				<div class="elementor-widget-container">
					<h1 class="elementor-heading-title elementor-size-default">Szállítási feltételek</h1>				</div>
				</div>
				<div class="elementor-element elementor-element-65f6621 elementor-widget elementor-widget-text-editor" data-id="65f6621" data-element_type="widget" data-e-type="widget" data-widget_type="text-editor.default">
				<div class="elementor-widget-container">
									<p><span style="font-size: 12.0pt; line-height: 107%; mso-ascii-font-family: Calibri; mso-hansi-font-family: Calibri; mso-bidi-font-family: Calibri; color: #4f5155; mso-ansi-language: HU;">A csomagok kézbesítése munkanapokon történik FoxPost futárszolgálattal vagy MPL futárszolgálattal. (hétvégén és munkaszüneti napokon nincs kiszállítás).</span></p><p><span style="font-size: 12.0pt; line-height: 107%; mso-ascii-font-family: Calibri; mso-hansi-font-family: Calibri; mso-bidi-font-family: Calibri; color: #4f5155; mso-ansi-language: HU;">Amennyiben ebben időszakban nem tartózkodsz otthon, szállítási címként célszerű (amennyiben van rá lehetősége) munkahelyi címet megadni.</span></p><p><span style="font-size: 12.0pt; line-height: 107%; mso-ascii-font-family: Calibri; mso-hansi-font-family: Calibri; mso-bidi-font-family: Calibri; color: #4f5155; mso-ansi-language: HU;">Amennyiben az előbbi opciók nem elég rugalmasak számodra, lehetőséged van a rendelésed FoxPost csomagautomatába kérni, melyek közül a legtöbb a nap 24 órájában elérhető.</span></p><p><span style="font-size: 12.0pt; line-height: 107%; mso-ascii-font-family: Calibri; mso-hansi-font-family: Calibri; mso-bidi-font-family: Calibri; color: #4f5155; mso-ansi-language: HU;">Ha miattad hiúsul meg a csomag átvétele – pl. hibás postázási cím megadása, pl. kétszeri kézbesítési próbálkozás után sem veszed át a csomagot, pl. nem értesítesz bennünket a szállítástól (nem megrendeléstől!) való elállástól -, így ebben az esetben is téged terhel a szállítási díj.</span></p><p><span style="font-size: 12.0pt; line-height: 107%; mso-ascii-font-family: Calibri; mso-hansi-font-family: Calibri; mso-bidi-font-family: Calibri; color: #4f5155; mso-ansi-language: HU;">Ha a személyes átvételt részesíted előnyben, telefonon előre egyeztetett időpontban tudod átvenni a rendelésed:<br />1. Vác, Zrínyi Miklós u. 33. (+36304250738)<br />2. Budapest, Fáy u. 15. (+36309289765).<br />Felhívnánk a figyelmedet, hogy sem készpénzzel, sem kártyával, sem bármi egyéb módon nem tudod a rendelésedet a személyes átvétel során kifizetni, azt mindenféleképpen előre kell megtenned.</span></p><p><span style="font-size: 12.0pt; line-height: 107%; mso-ascii-font-family: Calibri; mso-hansi-font-family: Calibri; mso-bidi-font-family: Calibri; color: #4f5155; mso-ansi-language: HU;">A szállítási díj a megrendelési folyamat során automatikusan kerül kiszámításra, a megrendelés összegétől és a kiválasztott szállítási opciótól függően.</span></p>								</div>
				</div>
					</div>
		</div>
					</div>
		</section>
				</div>

<p>Szállítási feltételek A csomagok kézbesítése munkanapokon történik FoxPost futárszolgálattal vagy MPL futárszolgálattal. (hétvégén és munkaszüneti napokon nincs kiszállítás). Amennyiben ebben időszakban nem tartózkodsz otthon, szállítási címként célszerű (amennyiben van rá lehetősége) munkahelyi címet megadni. Amennyiben az előbbi opciók nem elég rugalmasak számodra, lehetőséged van a rendelésed FoxPost csomagautomatába kérni, melyek közül a legtöbb a nap [&hellip;]</p>

Café Tiko | Szállítási feltételek

Itt találod az információt a szállítási feltételek részleteivel.
