{"id":365,"date":"2025-02-09T19:30:59","date_gmt":"2025-02-09T18:30:59","guid":{"rendered":"https:\/\/cafetiko.dunakanyaresztetika.hu\/?page_id=365"},"modified":"2025-02-09T19:38:03","modified_gmt":"2025-02-09T18:38:03","slug":"delivery","status":"publish","type":"page","link":"https:\/\/cafetiko.com\/index.php\/en\/delivery\/","title":{"rendered":"Shipments &amp; Returns"},"content":{"rendered":"\t\t<div data-elementor-type=\"wp-page\" data-elementor-id=\"365\" class=\"elementor elementor-365\" data-elementor-post-type=\"page\">\n\t\t\t\t\t\t<section class=\"elementor-section elementor-top-section elementor-element elementor-element-959260f elementor-section-boxed elementor-section-height-default elementor-section-height-default\" data-id=\"959260f\" data-element_type=\"section\" data-e-type=\"section\" data-settings=\"{&quot;jet_parallax_layout_list&quot;:[]}\">\n\t\t\t\t\t\t<div class=\"elementor-container elementor-column-gap-default\">\n\t\t\t\t\t<div class=\"elementor-column elementor-col-100 elementor-top-column elementor-element elementor-element-6b42b7f\" data-id=\"6b42b7f\" data-element_type=\"column\" data-e-type=\"column\">\n\t\t\t<div class=\"elementor-widget-wrap elementor-element-populated\">\n\t\t\t\t\t\t<div class=\"elementor-element elementor-element-1038554 elementor-widget elementor-widget-heading\" data-id=\"1038554\" data-element_type=\"widget\" data-e-type=\"widget\" data-widget_type=\"heading.default\">\n\t\t\t\t<div class=\"elementor-widget-container\">\n\t\t\t\t\t<h1 class=\"elementor-heading-title elementor-size-default\">Shipments &amp; Returns<\/h1>\t\t\t\t<\/div>\n\t\t\t\t<\/div>\n\t\t\t\t<div class=\"elementor-element elementor-element-65f6621 elementor-widget elementor-widget-text-editor\" data-id=\"65f6621\" data-element_type=\"widget\" data-e-type=\"widget\" data-widget_type=\"text-editor.default\">\n\t\t\t\t<div class=\"elementor-widget-container\">\n\t\t\t\t\t\t\t\t\t<p style=\"mso-margin-top-alt: auto; mso-margin-bottom-alt: auto; line-height: normal;\"><span style=\"font-size: 12.0pt; mso-ascii-font-family: Calibri; mso-hansi-font-family: Calibri; mso-bidi-font-family: Calibri; color: #4f5155; mso-ansi-language: HU;\">Parcels are delivered on working days with FoxPost courier service or MPL courier service. (no delivery on weekends and public holidays).<\/span><\/p><p style=\"mso-margin-top-alt: auto; mso-margin-bottom-alt: auto; line-height: normal;\"><span style=\"font-size: 12.0pt; mso-ascii-font-family: Calibri; mso-hansi-font-family: Calibri; mso-bidi-font-family: Calibri; color: #4f5155; mso-ansi-language: HU;\">If you are not at home during this period, it is advisable to enter your work address as the delivery address (if possible). <\/span><\/p><p style=\"mso-margin-top-alt: auto; mso-margin-bottom-alt: auto; line-height: normal;\"><span style=\"font-size: 12.0pt; mso-ascii-font-family: Calibri; mso-hansi-font-family: Calibri; mso-bidi-font-family: Calibri; color: #4f5155; mso-ansi-language: HU;\">If the above options are not flexible enough for you, you can place your order in a FoxPost parcel machine, most of which are available 24 hours a day.<\/span><\/p><p style=\"mso-margin-top-alt: auto; mso-margin-bottom-alt: auto; line-height: normal;\"><span style=\"font-size: 12.0pt; mso-ascii-font-family: Calibri; mso-hansi-font-family: Calibri; mso-bidi-font-family: Calibri; color: #4f5155; mso-ansi-language: HU;\">If you fail to take the package &#8211; e.g. wrong postal address provided, e.g. even after the second delivery attempt, you do not take the package, e.g. you do not notify us of canceling the parcel (not the order!), still you will be charged for the delivery fee.<\/span><\/p><p style=\"mso-margin-top-alt: auto; mso-margin-bottom-alt: auto; line-height: normal;\"><span style=\"font-size: 12.0pt; mso-ascii-font-family: Calibri; mso-hansi-font-family: Calibri; mso-bidi-font-family: Calibri; color: #4f5155; mso-ansi-language: HU;\">If you prefer personal pickup, you can pick up your order at two different locations<br \/>1. V\u00e1c, Zr\u00ednyi Mikl\u00f3s u. 33.<br \/>2. Budapest, F\u00e1y u. 15<br \/>at a pre-arranged time (arrangements via mobile: +36304250738 for V\u00e1c and +36309289765 for Budapest respectively).<br \/>We would like to draw your attention to the fact that you cannot pay for your order with cash, card or any other means, you must do payment in advance.<\/span><\/p><p style=\"mso-margin-top-alt: auto; mso-margin-bottom-alt: auto; line-height: normal;\"><span style=\"font-size: 12.0pt; mso-ascii-font-family: Calibri; mso-hansi-font-family: Calibri; mso-bidi-font-family: Calibri; color: #4f5155; mso-ansi-language: HU;\">The shipping charge is automatically calculated during the ordering process, depending on the order amount and the selected shipping option.<\/span><\/p>\t\t\t\t\t\t\t\t<\/div>\n\t\t\t\t<\/div>\n\t\t\t\t\t<\/div>\n\t\t<\/div>\n\t\t\t\t\t<\/div>\n\t\t<\/section>\n\t\t\t\t<\/div>\n\t\t","protected":false},"excerpt":{"rendered":"<p>Shipments &amp; Returns Parcels are delivered on working days with FoxPost courier service or MPL courier service. (no delivery on weekends and public holidays). If you are not at home during this period, it is advisable to enter your work address as the delivery address (if possible). If the above options are not flexible enough [&hellip;]<\/p>\n","protected":false},"author":1,"featured_media":0,"parent":0,"menu_order":0,"comment_status":"closed","ping_status":"closed","template":"","meta":{"_seopress_robots_primary_cat":"","_seopress_titles_title":"Caf\u00e9 Tiko | Delivery conditions","_seopress_titles_desc":"Here you find the information on delivery conditions.","_seopress_robots_index":"","footnotes":""},"class_list":["post-365","page","type-page","status-publish","hentry"],"lang":"en","translations":{"en":365,"hu":356},"jetpack_sharing_enabled":true,"pll_sync_post":{},"_links":{"self":[{"href":"https:\/\/cafetiko.com\/index.php\/wp-json\/wp\/v2\/pages\/365","targetHints":{"allow":["GET"]}}],"collection":[{"href":"https:\/\/cafetiko.com\/index.php\/wp-json\/wp\/v2\/pages"}],"about":[{"href":"https:\/\/cafetiko.com\/index.php\/wp-json\/wp\/v2\/types\/page"}],"author":[{"embeddable":true,"href":"https:\/\/cafetiko.com\/index.php\/wp-json\/wp\/v2\/users\/1"}],"replies":[{"embeddable":true,"href":"https:\/\/cafetiko.com\/index.php\/wp-json\/wp\/v2\/comments?post=365"}],"version-history":[{"count":9,"href":"https:\/\/cafetiko.com\/index.php\/wp-json\/wp\/v2\/pages\/365\/revisions"}],"predecessor-version":[{"id":377,"href":"https:\/\/cafetiko.com\/index.php\/wp-json\/wp\/v2\/pages\/365\/revisions\/377"}],"wp:attachment":[{"href":"https:\/\/cafetiko.com\/index.php\/wp-json\/wp\/v2\/media?parent=365"}],"curies":[{"name":"wp","href":"https:\/\/api.w.org\/{rel}","templated":true}]}}