{"id":392,"date":"2025-02-09T20:06:58","date_gmt":"2025-02-09T19:06:58","guid":{"rendered":"https:\/\/cafetiko.dunakanyaresztetika.hu\/?page_id=392"},"modified":"2025-02-10T08:22:11","modified_gmt":"2025-02-10T07:22:11","slug":"rolunk","status":"publish","type":"page","link":"https:\/\/cafetiko.com\/index.php\/hu\/rolunk\/","title":{"rendered":"R\u00f3lunk"},"content":{"rendered":"\t\t<div data-elementor-type=\"wp-page\" data-elementor-id=\"392\" class=\"elementor elementor-392\" data-elementor-post-type=\"page\">\n\t\t\t\t\t\t<section class=\"elementor-section elementor-top-section elementor-element elementor-element-08d43a7 elementor-section-boxed elementor-section-height-default elementor-section-height-default\" data-id=\"08d43a7\" data-element_type=\"section\" data-e-type=\"section\" data-settings=\"{&quot;jet_parallax_layout_list&quot;:[]}\">\n\t\t\t\t\t\t<div class=\"elementor-container elementor-column-gap-default\">\n\t\t\t\t\t<div class=\"elementor-column elementor-col-100 elementor-top-column elementor-element elementor-element-f28b0a5\" data-id=\"f28b0a5\" data-element_type=\"column\" data-e-type=\"column\">\n\t\t\t<div class=\"elementor-widget-wrap elementor-element-populated\">\n\t\t\t\t\t\t<div class=\"elementor-element elementor-element-661e87f elementor-widget elementor-widget-heading\" data-id=\"661e87f\" data-element_type=\"widget\" data-e-type=\"widget\" data-widget_type=\"heading.default\">\n\t\t\t\t<div class=\"elementor-widget-container\">\n\t\t\t\t\t<h1 class=\"elementor-heading-title elementor-size-default\">T\u00f6rt\u00e9net\u00fcnk<\/h1>\t\t\t\t<\/div>\n\t\t\t\t<\/div>\n\t\t\t\t\t<\/div>\n\t\t<\/div>\n\t\t\t\t\t<\/div>\n\t\t<\/section>\n\t\t\t\t<section class=\"elementor-section elementor-top-section elementor-element elementor-element-7fc99e9 elementor-section-boxed elementor-section-height-default elementor-section-height-default\" data-id=\"7fc99e9\" data-element_type=\"section\" data-e-type=\"section\" data-settings=\"{&quot;jet_parallax_layout_list&quot;:[]}\">\n\t\t\t\t\t\t<div class=\"elementor-container elementor-column-gap-default\">\n\t\t\t\t\t<div class=\"elementor-column elementor-col-100 elementor-top-column elementor-element elementor-element-8b2aaca\" data-id=\"8b2aaca\" data-element_type=\"column\" data-e-type=\"column\">\n\t\t\t<div class=\"elementor-widget-wrap elementor-element-populated\">\n\t\t\t\t\t\t<section class=\"elementor-section elementor-inner-section elementor-element elementor-element-92f1d0c elementor-section-boxed elementor-section-height-default elementor-section-height-default\" data-id=\"92f1d0c\" data-element_type=\"section\" data-e-type=\"section\" data-settings=\"{&quot;jet_parallax_layout_list&quot;:[]}\">\n\t\t\t\t\t\t<div class=\"elementor-container elementor-column-gap-default\">\n\t\t\t\t\t<div class=\"elementor-column elementor-col-50 elementor-inner-column elementor-element elementor-element-8f551ca\" data-id=\"8f551ca\" data-element_type=\"column\" data-e-type=\"column\">\n\t\t\t<div class=\"elementor-widget-wrap elementor-element-populated\">\n\t\t\t\t\t\t<div class=\"elementor-element elementor-element-0dda2f2 elementor-widget elementor-widget-text-editor\" data-id=\"0dda2f2\" data-element_type=\"widget\" data-e-type=\"widget\" data-widget_type=\"text-editor.default\">\n\t\t\t\t<div class=\"elementor-widget-container\">\n\t\t\t\t\t\t\t\t\t<p><img fetchpriority=\"high\" decoding=\"async\" class=\"size-medium wp-image-414 alignleft\" src=\"\/wp-content\/uploads\/2025\/02\/Jose_aboutus-240x300.jpg\" alt=\"Jose\" width=\"240\" height=\"300\" srcset=\"https:\/\/cafetiko.com\/wp-content\/uploads\/2025\/02\/Jose_aboutus-240x300.jpg 240w, https:\/\/cafetiko.com\/wp-content\/uploads\/2025\/02\/Jose_aboutus-400x500.jpg 400w, https:\/\/cafetiko.com\/wp-content\/uploads\/2025\/02\/Jose_aboutus-819x1024.jpg 819w, https:\/\/cafetiko.com\/wp-content\/uploads\/2025\/02\/Jose_aboutus-768x960.jpg 768w, https:\/\/cafetiko.com\/wp-content\/uploads\/2025\/02\/Jose_aboutus-600x750.jpg 600w, https:\/\/cafetiko.com\/wp-content\/uploads\/2025\/02\/Jose_aboutus.jpg 1080w\" sizes=\"(max-width: 240px) 100vw, 240px\" \/><\/p><p>Costa Ric\u00e1ban sz\u00fclettem \u00e9s nevelkedtem, ami egy nagy, kiv\u00e1l\u00f3 min\u0151s\u00e9g\u0171 k\u00e1v\u00e9t termel\u0151 orsz\u00e1g.<\/p><p>Tizen\u00e9vesk\u00e9nt dolgoztam k\u00e1v\u00e9\u00fcltetv\u00e9nye-ken, nyarakon \u00e1t szedtem a k\u00e1v\u00e9t.<\/p><p>Eml\u00e9kszem, hogy kor\u00e1n reggel kelt\u00fcnk, reggelizt\u00fcnk, majd a csal\u00e1ddal \u00e9s bar\u00e1tokkal k\u00e1v\u00e9t szedt\u00fcnk. Nagyon kellemes hangulat volt az \u00fcltetv\u00e9nyen, mindenki j\u00f3kedv\u0171 volt, besz\u00e9lgettem a t\u00f6bbi begy\u0171jt\u0151vel, aki vagy m\u00f6g\u00f6ttem, vagy a bokor t\u00faloldal\u00e1n, a m\u00e1sik &#8220;utc\u00e1ban&#8221; (\u00edgy h\u00edvj\u00e1k a k\u00e9t k\u00e1v\u00e9cserje k\u00f6zti teret az \u00fcltetv\u00e9nyen) dolgozott.<\/p><p>\u00c9vekkel k\u00e9s\u0151bb, miut\u00e1n befejeztem a k\u00f6z\u00e9piskol\u00e1t \u00e9s az inform\u00e1ci\u00f3technol\u00f3giai egyetem els\u0151 \u00e9v\u00e9t Heredi\u00e1ban, Costa Ric\u00e1ban, 2009-ben cseredi\u00e1kk\u00e9nt \u00e9rkeztem Magyarorsz\u00e1gra.<\/p><p>A cseredi\u00e1k-program v\u00e9gezt\u00e9vel a magyar kult\u00fara ir\u00e1nt \u00e9rzett szeretetem miatt itt maradtam.<\/p><p>N\u00e9h\u00e1ny \u00e9vvel k\u00e9s\u0151bb ismerkedtem meg Ricsivel a munk\u00e1nk kapcs\u00e1n, akivel k\u00e9s\u0151bb egy\u00fctt \u00e1lmodtuk meg a Caf\u00e9 Tiko-t.<\/p>\t\t\t\t\t\t\t\t<\/div>\n\t\t\t\t<\/div>\n\t\t\t\t\t<\/div>\n\t\t<\/div>\n\t\t\t\t<div class=\"elementor-column elementor-col-50 elementor-inner-column elementor-element elementor-element-7b8a74c\" data-id=\"7b8a74c\" data-element_type=\"column\" data-e-type=\"column\">\n\t\t\t<div class=\"elementor-widget-wrap elementor-element-populated\">\n\t\t\t\t\t\t<div class=\"elementor-element elementor-element-3468d42 elementor-widget elementor-widget-text-editor\" data-id=\"3468d42\" data-element_type=\"widget\" data-e-type=\"widget\" data-widget_type=\"text-editor.default\">\n\t\t\t\t<div class=\"elementor-widget-container\">\n\t\t\t\t\t\t\t\t\t<p><img decoding=\"async\" class=\"size-medium wp-image-415 alignright\" src=\"\/wp-content\/uploads\/2025\/02\/49A1274__edit02-240x300.jpg\" alt=\"Ricsi\" width=\"240\" height=\"300\" srcset=\"https:\/\/cafetiko.com\/wp-content\/uploads\/2025\/02\/49A1274__edit02-240x300.jpg 240w, https:\/\/cafetiko.com\/wp-content\/uploads\/2025\/02\/49A1274__edit02-400x500.jpg 400w, https:\/\/cafetiko.com\/wp-content\/uploads\/2025\/02\/49A1274__edit02-819x1024.jpg 819w, https:\/\/cafetiko.com\/wp-content\/uploads\/2025\/02\/49A1274__edit02-768x960.jpg 768w, https:\/\/cafetiko.com\/wp-content\/uploads\/2025\/02\/49A1274__edit02-600x750.jpg 600w, https:\/\/cafetiko.com\/wp-content\/uploads\/2025\/02\/49A1274__edit02.jpg 1080w\" sizes=\"(max-width: 240px) 100vw, 240px\" \/><\/p><p>Egyetem \u00f3ta olyan munk\u00e1m van, aminek l\u00e1tom az eredm\u00e9ny\u00e9t, de nem tudom megfogni.<\/p><p>Ezen v\u00e1ltoztatunk most.<\/p><p>A Caf\u00e9 Tiko v\u00e9gre egy olyan projekt, aminek v\u00e9gterm\u00e9ke k\u00e9zzelfoghat\u00f3 \u00e9s amit egy olyan \u00fczlett\u00e1rrsal folytathatok, akivel k\u00f6lcs\u00f6n\u00f6s a bizalom, m\u00e1r t\u00f6bb \u00e9ve ismerj\u00fck egym\u00e1st \u00e9s tudjuk, hogy a m\u00e1sik odateszi mag\u00e1t munka k\u00f6zben, \u00e9s \u00edgy az els\u0151 telefonh\u00edv\u00e1st\u00f3l kezdve tudjuk egym\u00e1sr\u00f3l, hogy meg tudjuk \u00e9s meg is fogjuk csin\u00e1lni ezt.<\/p><p>Ami igaz\u00e1n felkeltette a figyelmem a k\u00e1v\u00e9kult\u00fara ir\u00e1nt, az az volt, hogy Jose minden alkalommal, amikor hazal\u00e1togatott Costa Ric\u00e1ba, k\u00e1v\u00e9t hozott vissza aj\u00e1nd\u00e9kba a magyar bar\u00e1tainak, t\u00f6bbek k\u00f6z\u00f6tt nekem is. Elgondolkodtam, hogy vajon mi lehet annyira j\u00f3 \u00e9s k\u00fcl\u00f6nleges ebben a k\u00e1v\u00e9ban, ha minden alkalommal ugyanazzal az aj\u00e1nd\u00e9kkal t\u00e9r haza?<br \/>Az\u00f3ta m\u00e1r tudom&#8230; <span id=\"gmail-docs-internal-guid-18903cff-7fff-eb70-c159-90591902c805\"><span style=\"font-size: 11pt; font-family: Arial,sans-serif; color: #000000; background-color: transparent; font-variant-numeric: normal; font-variant-east-asian: normal; font-variant-alternates: normal; vertical-align: baseline;\">\ud83d\ude42<\/span><\/span><\/p>\t\t\t\t\t\t\t\t<\/div>\n\t\t\t\t<\/div>\n\t\t\t\t\t<\/div>\n\t\t<\/div>\n\t\t\t\t\t<\/div>\n\t\t<\/section>\n\t\t\t\t\t<\/div>\n\t\t<\/div>\n\t\t\t\t\t<\/div>\n\t\t<\/section>\n\t\t\t\t<section class=\"elementor-section elementor-top-section elementor-element elementor-element-59b63e3 elementor-section-boxed elementor-section-height-default elementor-section-height-default\" data-id=\"59b63e3\" data-element_type=\"section\" data-e-type=\"section\" data-settings=\"{&quot;jet_parallax_layout_list&quot;:[]}\">\n\t\t\t\t\t\t<div class=\"elementor-container elementor-column-gap-default\">\n\t\t\t\t\t<div class=\"elementor-column elementor-col-100 elementor-top-column elementor-element elementor-element-456f27d\" data-id=\"456f27d\" data-element_type=\"column\" data-e-type=\"column\">\n\t\t\t<div class=\"elementor-widget-wrap\">\n\t\t\t\t\t\t\t<\/div>\n\t\t<\/div>\n\t\t\t\t\t<\/div>\n\t\t<\/section>\n\t\t\t\t<\/div>\n\t\t","protected":false},"excerpt":{"rendered":"<p>T\u00f6rt\u00e9net\u00fcnk Costa Ric\u00e1ban sz\u00fclettem \u00e9s nevelkedtem, ami egy nagy, kiv\u00e1l\u00f3 min\u0151s\u00e9g\u0171 k\u00e1v\u00e9t termel\u0151 orsz\u00e1g. Tizen\u00e9vesk\u00e9nt dolgoztam k\u00e1v\u00e9\u00fcltetv\u00e9nye-ken, nyarakon \u00e1t szedtem a k\u00e1v\u00e9t. Eml\u00e9kszem, hogy kor\u00e1n reggel kelt\u00fcnk, reggelizt\u00fcnk, majd a csal\u00e1ddal \u00e9s bar\u00e1tokkal k\u00e1v\u00e9t szedt\u00fcnk. Nagyon kellemes hangulat volt az \u00fcltetv\u00e9nyen, mindenki j\u00f3kedv\u0171 volt, besz\u00e9lgettem a t\u00f6bbi begy\u0171jt\u0151vel, aki vagy m\u00f6g\u00f6ttem, vagy a bokor t\u00faloldal\u00e1n, [&hellip;]<\/p>\n","protected":false},"author":1,"featured_media":0,"parent":0,"menu_order":0,"comment_status":"closed","ping_status":"closed","template":"","meta":{"_seopress_robots_primary_cat":"","_seopress_titles_title":"Caf\u00e9 Tiko | R\u00f3lunk","_seopress_titles_desc":"K\u00edv\u00e1ncsi vagy a t\u00f6rt\u00e9net\u00fcnkre? A legjobb helyen j\u00e1rsz, hogy megismerd!","_seopress_robots_index":"","footnotes":""},"class_list":["post-392","page","type-page","status-publish","hentry"],"lang":"hu","translations":{"hu":392,"en":396},"jetpack_sharing_enabled":true,"pll_sync_post":[],"_links":{"self":[{"href":"https:\/\/cafetiko.com\/index.php\/wp-json\/wp\/v2\/pages\/392","targetHints":{"allow":["GET"]}}],"collection":[{"href":"https:\/\/cafetiko.com\/index.php\/wp-json\/wp\/v2\/pages"}],"about":[{"href":"https:\/\/cafetiko.com\/index.php\/wp-json\/wp\/v2\/types\/page"}],"author":[{"embeddable":true,"href":"https:\/\/cafetiko.com\/index.php\/wp-json\/wp\/v2\/users\/1"}],"replies":[{"embeddable":true,"href":"https:\/\/cafetiko.com\/index.php\/wp-json\/wp\/v2\/comments?post=392"}],"version-history":[{"count":13,"href":"https:\/\/cafetiko.com\/index.php\/wp-json\/wp\/v2\/pages\/392\/revisions"}],"predecessor-version":[{"id":423,"href":"https:\/\/cafetiko.com\/index.php\/wp-json\/wp\/v2\/pages\/392\/revisions\/423"}],"wp:attachment":[{"href":"https:\/\/cafetiko.com\/index.php\/wp-json\/wp\/v2\/media?parent=392"}],"curies":[{"name":"wp","href":"https:\/\/api.w.org\/{rel}","templated":true}]}}