{"id":2413,"date":"2025-11-10T14:44:18","date_gmt":"2025-11-10T13:44:18","guid":{"rendered":"https:\/\/cafetiko.com\/?post_type=product&#038;p=2413"},"modified":"2026-01-08T13:46:19","modified_gmt":"2026-01-08T12:46:19","slug":"el-tucan-costa-rica-vidd-magaddal-specialty-kave-2025","status":"publish","type":"product","link":"https:\/\/cafetiko.com\/index.php\/hu\/product\/el-tucan-costa-rica-vidd-magaddal-specialty-kave-2025\/","title":{"rendered":"El Tuc\u00e1n &#8211; Costa Rica vidd magaddal specialty k\u00e1v\u00e9"},"content":{"rendered":"","protected":false},"excerpt":{"rendered":"<h2>El Tuc\u00e1n &#8211; Costa Rica vidd magaddal specialty k\u00e1v\u00e9<\/h2>\n<p>Excellent min\u0151s\u00edt\u00e9s\u0171, 100% Arabica k\u00e1v\u00e9 Costa Ric\u00e1b\u00f3l, melyet arra tervezt\u00fcnk, hogy magaddal vihesd kedvencedet, b\u00e1rhov\u00e1 is m\u00e9sz.<\/p>\n<p>Az elk\u00e9sz\u00edt\u00e9s\u00e9hez a filter mell\u00e9 csak egy b\u00f6gr\u00e9re, forr\u00f3 v\u00edzre \u00e9s p\u00e1r percre lesz sz\u00fcks\u00e9ged.<\/p>\n<p>Sz\u00e1rmaz\u00e1s: Cerro San Luis Micromill,\u00a0West Valley r\u00e9gi\u00f3, 1200-1900 m\u00e9ter tengerszint feletti magass\u00e1gb\u00f3l.<\/p>\n<p><strong>\u00cdzjegyek<\/strong>: F\u0171szeres \u00e9s f\u0151tt csereszny\u00e9s benyom\u00e1sok, enyhe kaka\u00f3s h\u00e1tt\u00e9rrel, boros sav\u00e9rzettel \u00e9s szel\u00edd \u00e9dess\u00e9ggel.<\/p>\n<p><strong>P\u00f6rk\u00f6l\u00e9s<\/strong>: vil\u00e1gos<\/p>\n<p><strong>Feldolgoz\u00e1s<\/strong>: sz\u00e1raz<br \/>\nA k\u00e1v\u00e9szemeket jellemz\u0151en a sz\u00fcret napj\u00e1n dolgozz\u00e1k fel, majd el\u0151sz\u00f6r \u00e9retts\u00e9gi \u00e9s min\u0151s\u00e9gi v\u00e1logat\u00e1ssal tiszt\u00edtj\u00e1k \u0151ket, miel\u0151tt le\u00f6bl\u00edtik. Sok helyen ez a kezdeti v\u00e1logat\u00e1s egy \u00fasz\u00f3tart\u00e1ly seg\u00edts\u00e9g\u00e9vel t\u00f6rt\u00e9nik: a s\u00e9r\u00fclt \u00e9s hib\u00e1s k\u00e1v\u00e9szemek a tetej\u00e9re \u00fasznak, \u00edgy k\u00f6nnyen elt\u00e1vol\u00edthat\u00f3ak, m\u00edg a kiv\u00e1l\u00f3 min\u0151s\u00e9g\u0171 k\u00e1v\u00e9szemek az alj\u00e1ra s\u00fcllyednek. A v\u00e1logat\u00e1s ut\u00e1n a k\u00e1v\u00e9szemeket emelt sz\u00e1r\u00edt\u00f3\u00e1gyakra, asztalokra, ponyv\u00e1kra vagy teraszokra helyezik, ahol a sz\u00e1r\u00edt\u00e1s sor\u00e1n folyamatosan forgatj\u00e1k \u0151ket. A sz\u00e1r\u00edt\u00e1s \u00e1tlagosan 30-40 napot is ig\u00e9nybe vehet, az id\u0151j\u00e1r\u00e1st\u00f3l f\u00fcgg\u0151en, am\u00edg el\u00e9rik az ide\u00e1lis sz\u00e1razs\u00e1got \u2014 ez adja a telt, gy\u00fcm\u00f6lcs\u00f6s karaktert.<\/p>\n<p><strong>Fajta &amp; term\u0151hely<\/strong>: Villa Sarch\u00ed (dwarf Bourbon mut\u00e1ci\u00f3), 1400\u20131800 m tengerszint feletti magass\u00e1g, Central Valley, Costa Rica.<\/p>\n<p>100% Arabica filter k\u00e1v\u00e9<\/p>\n<p>A k\u00fcls\u0151 csomagol\u00e1s teljesen \u00fajrahasznos\u00edthat\u00f3, a filter az elk\u00e9sz\u00edt\u00e9s ut\u00e1n komposzt hullad\u00e9kk\u00e9nt kezelend\u0151.<\/p>\n","protected":false},"featured_media":2803,"comment_status":"open","ping_status":"closed","template":"","meta":{"_seopress_robots_primary_cat":"none","_seopress_titles_title":"Caf\u00e9 Tiko | El Tuc\u00e1n-Costa Rica vidd magaddal specialty k\u00e1v\u00e9","_seopress_titles_desc":"Costa rica-i specialty filterk\u00e1v\u00e9, neked tervezve, hogy b\u00e1rhov\u00e1 magaddal vihesd a kedvenc k\u00e1v\u00e9d. K\u00f6zepes p\u00f6rk\u00f6l\u00e9s, sz\u00e1raz feldolgoz\u00e1s.","_seopress_robots_index":""},"product_brand":[44],"product_cat":[74,62],"product_tag":[275],"class_list":{"0":"post-2413","1":"product","2":"type-product","3":"status-publish","4":"has-post-thumbnail","6":"product_brand-cafetiko","7":"product_cat-filterkave","8":"product_cat-kaveink","9":"product_tag-kiemelt-termek","11":"first","12":"instock","13":"shipping-taxable","14":"purchasable","15":"product-type-variable","16":"has-default-attributes"},"jetpack_sharing_enabled":true,"pll_sync_post":[],"lang":"hu","translations":{"hu":2413,"en":2414},"_links":{"self":[{"href":"https:\/\/cafetiko.com\/index.php\/wp-json\/wp\/v2\/product\/2413","targetHints":{"allow":["GET"]}}],"collection":[{"href":"https:\/\/cafetiko.com\/index.php\/wp-json\/wp\/v2\/product"}],"about":[{"href":"https:\/\/cafetiko.com\/index.php\/wp-json\/wp\/v2\/types\/product"}],"replies":[{"embeddable":true,"href":"https:\/\/cafetiko.com\/index.php\/wp-json\/wp\/v2\/comments?post=2413"}],"version-history":[{"count":3,"href":"https:\/\/cafetiko.com\/index.php\/wp-json\/wp\/v2\/product\/2413\/revisions"}],"predecessor-version":[{"id":2805,"href":"https:\/\/cafetiko.com\/index.php\/wp-json\/wp\/v2\/product\/2413\/revisions\/2805"}],"wp:featuredmedia":[{"embeddable":true,"href":"https:\/\/cafetiko.com\/index.php\/wp-json\/wp\/v2\/media\/2803"}],"wp:attachment":[{"href":"https:\/\/cafetiko.com\/index.php\/wp-json\/wp\/v2\/media?parent=2413"}],"wp:term":[{"taxonomy":"product_brand","embeddable":true,"href":"https:\/\/cafetiko.com\/index.php\/wp-json\/wp\/v2\/product_brand?post=2413"},{"taxonomy":"product_cat","embeddable":true,"href":"https:\/\/cafetiko.com\/index.php\/wp-json\/wp\/v2\/product_cat?post=2413"},{"taxonomy":"product_tag","embeddable":true,"href":"https:\/\/cafetiko.com\/index.php\/wp-json\/wp\/v2\/product_tag?post=2413"}],"curies":[{"name":"wp","href":"https:\/\/api.w.org\/{rel}","templated":true}]}}

El Tucán &#8211; Costa Rica vidd magaddal specialty kávé

<h2>El Tucán &#8211; Costa Rica vidd magaddal specialty kávé</h2>
<p>Excellent minősítésű, 100% Arabica kávé Costa Ricából, melyet arra terveztünk, hogy magaddal vihesd kedvencedet, bárhová is mész.</p>
<p>Az elkészítéséhez a filter mellé csak egy bögrére, forró vízre és pár percre lesz szükséged.</p>
<p>Származás: Cerro San Luis Micromill, West Valley régió, 1200-1900 méter tengerszint feletti magasságból.</p>
<p><strong>Ízjegyek</strong>: Fűszeres és főtt cseresznyés benyomások, enyhe kakaós háttérrel, boros savérzettel és szelíd édességgel.</p>
<p><strong>Pörkölés</strong>: világos</p>
<p><strong>Feldolgozás</strong>: száraz<br />
A kávészemeket jellemzően a szüret napján dolgozzák fel, majd először érettségi és minőségi válogatással tisztítják őket, mielőtt leöblítik. Sok helyen ez a kezdeti válogatás egy úszótartály segítségével történik: a sérült és hibás kávészemek a tetejére úsznak, így könnyen eltávolíthatóak, míg a kiváló minőségű kávészemek az aljára süllyednek. A válogatás után a kávészemeket emelt szárítóágyakra, asztalokra, ponyvákra vagy teraszokra helyezik, ahol a szárítás során folyamatosan forgatják őket. A szárítás átlagosan 30-40 napot is igénybe vehet, az időjárástól függően, amíg elérik az ideális szárazságot — ez adja a telt, gyümölcsös karaktert.</p>
<p><strong>Fajta &amp; termőhely</strong>: Villa Sarchí (dwarf Bourbon mutáció), 1400–1800 m tengerszint feletti magasság, Central Valley, Costa Rica.</p>
<p>100% Arabica filter kávé</p>
<p>A külső csomagolás teljesen újrahasznosítható, a filter az elkészítés után komposzt hulladékként kezelendő.</p>

Café Tiko | El Tucán-Costa Rica vidd magaddal specialty kávé

Costa rica-i specialty filterkávé, neked tervezve, hogy bárhová magaddal vihesd a kedvenc kávéd. Közepes pörkölés, száraz feldolgozás.
