{"id":3051,"date":"2026-03-16T14:12:23","date_gmt":"2026-03-16T13:12:23","guid":{"rendered":"https:\/\/cafetiko.com\/?post_type=product&#038;p=3051"},"modified":"2026-03-26T11:00:12","modified_gmt":"2026-03-26T10:00:12","slug":"cartagena-kolumbia-vidd-magaddal-specialty-kave-2026","status":"publish","type":"product","link":"https:\/\/cafetiko.com\/index.php\/hu\/product\/cartagena-kolumbia-vidd-magaddal-specialty-kave-2026\/","title":{"rendered":"Cartagena &#8211; Kolumbia vidd magaddal specialty k\u00e1v\u00e9"},"content":{"rendered":"","protected":false},"excerpt":{"rendered":"<h2>Cartagena &#8211; Kolumbia vidd magaddal specialty k\u00e1v\u00e9<\/h2>\n<p>Excellent min\u0151s\u00edt\u00e9s\u0171, 100% Arabica k\u00e1v\u00e9 Kolumbi\u00e1b\u00f3l, melyet arra tervezt\u00fcnk, hogy magaddal vihesd kedvencedet, b\u00e1rhov\u00e1 is m\u00e9sz.<\/p>\n<p>Az elk\u00e9sz\u00edt\u00e9s\u00e9hez a filter mell\u00e9 csak egy b\u00f6gr\u00e9re, forr\u00f3 v\u00edzre \u00e9s p\u00e1r percre lesz sz\u00fcks\u00e9ged.<\/p>\n<p>Excellent min\u0151s\u00edt\u00e9s\u0171 specialty 100% Arabica k\u00e1v\u00e9 Kolumbi\u00e1b\u00f3l (Huila r\u00e9gi\u00f3), 1400-2000 m\u00e9ter tengerszint feletti magass\u00e1gb\u00f3l, <strong>k\u00f6zepes p\u00f6rk\u00f6l\u00e9s<\/strong>sel.<\/p>\n<p>A kolumbiai k\u00e1v\u00e9 a vil\u00e1g egyik legismertebb \u00e9s legdinamikusabb k\u00e1v\u00e9ja, sz\u00e1mos term\u0151r\u00e9gi\u00f3val, ahol a k\u00e1v\u00e9 egyedi jellemz\u0151 \u00edzvil\u00e1g\u00e1t meghat\u00e1rozza, hogy e nagy orsz\u00e1g mely mikrokl\u00edm\u00e1j\u00e1ban termett. A Gran Galope k\u00edn\u00e1lat Kolumbia Huila r\u00e9gi\u00f3j\u00e1nak n\u00e9h\u00e1ny tengerszint felett 1400-2000 m\u00e9teren fekv\u0151 kistermel\u0151 gazdas\u00e1g\u00e1b\u00f3l sz\u00e1rmazik.<\/p>\n<p><strong>\u00cdzjegyek<\/strong>: L\u00e1gy, friss k\u00f6rte, almakomp\u00f3t, kand\u00edrozott narancs, valamint \u00e9tcsokol\u00e1d\u00e9s jegyek.<br \/>\nL\u00e9d\u00fas savass\u00e1g \u00e9s a cukros \u00e9dess\u00e9g kett\u0151se jellemzi: az egyik friss\u00edt, a m\u00e1sik pedig testess\u00e9get ad.<br \/>\n<span class=\"T286Pc\" data-sfc-cp=\"\" data-complete=\"true\" aria-owns=\"action-menu-parent-container\">L\u00e9d\u00fas savass\u00e1g: egy \u00e9l<\/span><span class=\"T286Pc\" data-sfc-cp=\"\" data-complete=\"true\" aria-owns=\"action-menu-parent-container\">\u00e9nk, vibr\u00e1l\u00f3 \u00e9rz\u00e9s<\/span>, mintha alm\u00e1ba harapn\u00e1l &#8211; <span class=\"T286Pc\" data-sfc-cp=\"\" data-complete=\"true\" aria-owns=\"action-menu-parent-container\">ami \u201efel\u00e9breszti\u201d az \u00edzeket.<br \/>\nCukros \u00e9dess\u00e9g: Ez az \u00e9dess\u00e9g egy tiszta, kerek \u00e9s l\u00e1gy \u00e9dess\u00e9g,\u00a0 mely megadja a cs\u00e9sze testess\u00e9g\u00e9t \u00e9s feler\u0151s\u00edti az \u00f6sszk\u00e9pet.<\/span><\/p>\n<p><strong>Elj\u00e1r\u00e1s: mosott<br \/>\n<\/strong><span class=\"HwtZe\" lang=\"hu\"><span class=\"jCAhz ChMk0b\"><span class=\"ryNqvb\">Kolumbia legink\u00e1bb a mosott feldolgoz\u00e1s\u00fa k\u00e1v\u00e9ir\u00f3l ismert.<\/span><\/span> <span class=\"jCAhz ChMk0b\"><span class=\"ryNqvb\">M\u00edg a feldolgoz\u00e1s r\u00e9szletei gazdas\u00e1gonk\u00e9nt vagy t\u00e1rsul\u00e1sonk\u00e9nt kiss\u00e9 elt\u00e9rhetnek, a k\u00e1v\u00e9t \u00e1ltal\u00e1ban \u00e9retten szedik le, \u00e9s m\u00e9g aznap megfosztj\u00e1k a h\u00fas\u00e1t\u00f3l, majd nyitott ed\u00e9nyekben vagy v\u00f6dr\u00f6kben szabad leveg\u0151n erjesztik 12\u201336 \u00f3r\u00e1n kereszt\u00fcl.<\/span><\/span> Ezut\u00e1n a<\/span><span class=\"HwtZe\" lang=\"hu\"><span class=\"jCAhz ChMk0b\"><span class=\"ryNqvb\"> szemeket megtiszt\u00edtj\u00e1k a kor\u00e1bban rajta hagyott h\u00e1rty\u00e1t\u00f3l (mucil\u00e1zs), majd v\u00e9g\u00fcl teraszon, parabolikus sz\u00e1r\u00edt\u00f3ban, szol\u00e1ris sz\u00e1r\u00edt\u00f3ban vagy g\u00e9pekkel sz\u00e1r\u00edtj\u00e1k.<\/span><\/span><\/span><\/p>\n<p><span class=\"HwtZe\" lang=\"hu\"><span class=\"jCAhz ChMk0b C1N51c\"><span class=\"ryNqvb\">A Gran Galope Excelso min\u0151s\u00e9g\u0171 k\u00e1v\u00e9 (15\/16-os m\u00e9ret).<\/span><\/span><\/span><\/p>\n<p>Ezt a k\u00e1v\u00e9t <strong>k\u00f6zepes p\u00f6rk\u00f6l\u00e9s<\/strong>sel sz\u00e1ll\u00edtjuk.<\/p>\n<p><strong>Arabica vari\u00e1ns<\/strong>: Castillo<\/p>\n<p>100% Arabica filter k\u00e1v\u00e9<\/p>\n<p>A k\u00fcls\u0151 csomagol\u00e1s teljesen \u00fajrahasznos\u00edthat\u00f3, a filter az elk\u00e9sz\u00edt\u00e9s ut\u00e1n komposzt hullad\u00e9kk\u00e9nt kezelend\u0151.<\/p>\n<p>&nbsp;<\/p>\n","protected":false},"featured_media":3117,"comment_status":"open","ping_status":"closed","template":"","meta":{"_seopress_robots_primary_cat":"none","_seopress_titles_title":"Caf\u00e9 Tiko | Cartagena-Kolumbia vidd magaddal specialty k\u00e1v\u00e9","_seopress_titles_desc":"Specialty filterk\u00e1v\u00e9 Kolumbi\u00e1b\u00f3l, neked tervezve, hogy b\u00e1rhov\u00e1 magaddal vihesd a kedvenc k\u00e1v\u00e9d. Mosott feldolgoz\u00e1s, k\u00f6zepes p\u00f6rk\u00f6l\u00e9s.","_seopress_robots_index":""},"product_brand":[44],"product_cat":[74,62],"product_tag":[275],"class_list":{"0":"post-3051","1":"product","2":"type-product","3":"status-publish","4":"has-post-thumbnail","6":"product_brand-cafetiko","7":"product_cat-filterkave","8":"product_cat-kaveink","9":"product_tag-kiemelt-termek","11":"first","12":"instock","13":"shipping-taxable","14":"purchasable","15":"product-type-variable","16":"has-default-attributes"},"jetpack_sharing_enabled":true,"pll_sync_post":[],"lang":"hu","translations":{"hu":3051,"en":3055},"_links":{"self":[{"href":"https:\/\/cafetiko.com\/index.php\/wp-json\/wp\/v2\/product\/3051","targetHints":{"allow":["GET"]}}],"collection":[{"href":"https:\/\/cafetiko.com\/index.php\/wp-json\/wp\/v2\/product"}],"about":[{"href":"https:\/\/cafetiko.com\/index.php\/wp-json\/wp\/v2\/types\/product"}],"replies":[{"embeddable":true,"href":"https:\/\/cafetiko.com\/index.php\/wp-json\/wp\/v2\/comments?post=3051"}],"version-history":[{"count":2,"href":"https:\/\/cafetiko.com\/index.php\/wp-json\/wp\/v2\/product\/3051\/revisions"}],"predecessor-version":[{"id":3077,"href":"https:\/\/cafetiko.com\/index.php\/wp-json\/wp\/v2\/product\/3051\/revisions\/3077"}],"wp:featuredmedia":[{"embeddable":true,"href":"https:\/\/cafetiko.com\/index.php\/wp-json\/wp\/v2\/media\/3117"}],"wp:attachment":[{"href":"https:\/\/cafetiko.com\/index.php\/wp-json\/wp\/v2\/media?parent=3051"}],"wp:term":[{"taxonomy":"product_brand","embeddable":true,"href":"https:\/\/cafetiko.com\/index.php\/wp-json\/wp\/v2\/product_brand?post=3051"},{"taxonomy":"product_cat","embeddable":true,"href":"https:\/\/cafetiko.com\/index.php\/wp-json\/wp\/v2\/product_cat?post=3051"},{"taxonomy":"product_tag","embeddable":true,"href":"https:\/\/cafetiko.com\/index.php\/wp-json\/wp\/v2\/product_tag?post=3051"}],"curies":[{"name":"wp","href":"https:\/\/api.w.org\/{rel}","templated":true}]}}